ed by 881.
879
What is the remainder when 216 is divided by 48?
24
What is the remainder when 40828 is divided by 8?
4
Calculate the remainder when 1682696 is divided by 30.
26
Calculate the remainder when 112587 is divided by 37515.
42
Calculate the remainder when 143471 is divided by 2759.
3
Calculate the remainder when 11185 is divided by 24.
1
What is the remainder when 1603 is divided by 533?
4
What is the remainder when 88336 is divided by 59?
13
Calculate the remainder when 56898 is divided by 486.
36
What is the remainder when 8113 is divided by 147?
28
What is the remainder when 120104 is divided by 471?
470
What is the remainder when 17495 is divided by 388?
35
Calculate the remainder when 2100 is divided by 163.
144
Calculate the remainder when 47872 is divided by 82.
66
What is the remainder when 135671 is divided by 19?
11
What is the remainder when 583352 is divided by 808?
784
Calculate the remainder when 31206 is divided by 10392.
30
What is the remainder when 1670 is divided by 554?
8
Calculate the remainder when 3271 is divided by 190.
41
Calculate the remainder when 70362 is divided by 7.
5
What is the remainder when 1473744 is divided by 553?
552
Calculate the remainder when 9154 is divided by 213.
208
Calculate the remainder when 1035 is divided by 86.
3
Calculate the remainder when 27461 is divided by 13695.
71
Calculate the remainder when 84230 is divided by 29.
14
Calculate the remainder when 4406 is divided by 484.
50
What is the remainder when 264443 is divided by 14?
11
What is the remainder when 44353 is divided by 7389?
19
Calculate the remainder when 84632 is divided by 97.
48
What is the remainder when 11446 is divided by 3815?
1
Calculate the remainder when 13295 is divided by 336.
191
What is the remainder when 138925 is divided by 387?
379
Calculate the remainder when 32634 is divided by 446.
76
Calculate the remainder when 39752 is divided by 165.
152
Calculate the remainder when 5579 is divided by 1840.
59
What is the remainder when 25600 is divided by 31?
25
What is the remainder when 18502 is divided by 12?
10
Calculate the remainder when 691 is divided by 91.
54
What is the remainder when 14428 is divided by 6?
4
Calculate the remainder when 1797 is divided by 10.
7
Calculate the remainder when 10402 is divided by 5165.
72
Calculate the remainder when 291051 is divided by 84.
75
What is the remainder when 15077 is divided by 1883?
13
Calculate the remainder when 379 is divided by 197.
182
Calculate the remainder when 4163 is divided by 2039.
85
Calculate the remainder when 38067 is divided by 12683.
18
Calculate the remainder when 5417 is divided by 431.
245
Calculate the remainder when 993 is divided by 987.
6
What is the remainder when 9303 is divided by 115?
103
Calculate the remainder when 1402 is divided by 189.
79
Calculate the remainder when 458 is divided by 201.
56
Calculate the remainder when 118999 is divided by 12.
7
What is the remainder when 946420 is divided by 53?
52
Calculate the remainder when 131198 is divided by 333.
329
What is the remainder when 2228 is divided by 733?
29
Calculate the remainder when 184620 is divided by 403.
46
Calculate the remainder when 204743 is divided by 449.
448
What is the remainder when 6944503 is divided by 69?
67
What is the remainder when 2100171 is divided by 1925?
1921
What is the remainder when 7584 is divided by 2451?
231
What is the remainder when 28751 is divided by 316?
311
Calculate the remainder when 415374 is divided by 13.
11
What is the remainder when 215051 is divided by 229?
20
What is the remainder when 33990 is divided by 1548?
1482
Calculate the remainder when 1947 is divided by 322.
15
What is the remainder when 1172 is divided by 23?
22
What is the remainder when 10819 is divided by 97?
52
What is the remainder when 13580 is divided by 544?
524
What is the remainder when 16689 is divided by 265?
259
What is the remainder when 3996 is divided by 107?
37
What is the remainder when 42193 is divided by 155?
33
Calculate the remainder when 9236 is divided by 48.
20
What is the remainder when 983 is divided by 296?
95
Calculate the remainder when 40166 is divided by 20079.
8
What is the remainder when 29984 is divided by 29?
27
Calculate the remainder when 7679 is divided by 108.
11
What is the remainder when 506628 is divided by 97?
94
Calculate the remainder when 28771 is divided by 2397.
7
Calculate the remainder when 161585 is divided by 1138.
1127
What is the remainder when 98263 is divided by 239?
34
What is the remainder when 874606 is divided by 274?
272
What is the remainder when 1240 is divided by 1240?
0
What is the remainder when 5174 is divided by 271?
25
Calculate the remainder when 89779 is divided by 335.
334
What is the remainder when 32240 is divided by 343?
341
Calculate the remainder when 116846 is divided by 218.
216
Calculate the remainder when 20690 is divided by 20689.
1
What is the remainder when 98863 is divided by 18?
7
What is the remainder when 5719 is divided by 1108?
179
What is the remainder when 28466 is divided by 56?
18
Calculate the remainder when 3224 is divided by 639.
29
What is the remainder when 3421 is divided by 15?
1
Calculate the remainder when 101122 is divided by 50553.
16
What is the remainder when 3492 is divided by 3180?
312
What is the remainder when 322906 is divided by 552?
538
Calculate the remainder when 40856 is divided by 156.
140
What is the remainder when 54859 is divided by 54842?
17
What is the remainder when 23806 is divided by 745?
711
What is the remainder when 9866 is divided by 31?
8
Calculate the remainder when 2873 is divided by 253.
90
What is the remainder when 19223 is divided by 396?
215
What is the remainder when 1774 is divided by 130?
84
Calculate the remainder when 157756 is divided by 866.
144
Calculate the remainder when 24424 is divided by 302.
264
Calculate the remainder when 24662 is divided by 75.
62
Calculate the remainder when 2374 is divided by 58.
54
Calculate the remainder when 8147 is divided by 27.
20
What is the remainder when 8753 is divided by 484?
41
What is the remainder when 33758 is divided by 36?
26
What is the remainder when 10327 is divided by 60?
7
What is the remainder when 8657 is divided by 99?
44
What is the remainder when 38821 is divided by 145?
106
Calculate the remainder when 24248 is divided by 315.
308
What is the remainder when 1827 is divided by 588?
63
Calculate the remainder when 1117774 is divided by 348.
346
What is the remainder when 367775 is divided by 19?
11
Calculate the remainder when 2517 is divided by 206.
45
What is the remainder when 5654 is divided by 59?
49
Calculate the remainder when 271873 is divided by 625.
623
Calculate the remainder when 22346 is divided by 387.
287
Calculate the remainder when 62399 is divided by 160.
159
Calculate the remainder when 34783 is divided by 470.
3
Calculate the remainder when 35152 is divided by 491.
291
What is the remainder when 1073 is divided by 101?
63
Calculate the remainder when 559 is divided by 178.
25
What is the remainder when 11613 is divided by 247?
4
What is the remainder when 9809 is divided by 682?
261
Calculate the remainder when 8665 is divided by 2132.
137
Calculate the remainder when 58885 is divided by 2676.
13
What is the remainder when 46843 is divided by 1266?
1
Calculate the remainder when 727 is divided by 86.
39
Calculate the remainder when 275222 is divided by 990.
2
What is the remainder when 688765 is divided by 49197?
7
Calculate the remainder when 295 is divided by 21.
1
What is the remainder when 73095 is divided by 500?
95
What is the remainder when 756540 is divided by 14010?
0
What is the remainder when 12377 is divided by 203?
197
Calculate the remainder when 44777 is divided by 98.
89
What is the remainder when 1161 is divided by 76?
21
Calculate the remainder when 8957 is divided by 1507.
1422
Calculate the remainder when 284145 is divided by 59.
1
Calculate the remainder when 7900 is divided by 161.
11
What is the remainder when 45966 is divided by 1584?
30
What is the remainder when 36196 is divided by 54?
16
What is the remainder when 12643 is divided by 98?
1
What is the remainder when 38751 is divided by 900?
51
Calculate the remai